*2 + 5*u - 4. Give c(-6).
2
Let r(s) = -19*s + 22. Calculate r(1).
3
Let g(l) = l**2 + l - 99. Calculate g(0).
-99
Let t(y) = 3*y - 41. Give t(17).
10
Let v(u) = u**2 - 2*u + 6. Calculate v(-3).
21
Let w(h) = 11*h. Calculate w(-4).
-44
Let c(o) = o**3 + 12*o**2 + 12*o - 8. Determine c(-10).
72
Let o(y) = 2*y + 59. What is o(-26)?
7
Let n(i) = -i**3 + 2*i**2 + 11*i - 17. Give n(4).
-5
Let k(v) = 50*v - 181. Give k(4).
19
Let x(c) = 2*c**3 + 193*c**2 + 96*c + 2. What is x(-96)?
2
Let j(k) = k**3 + 9*k**2 - 12*k - 13. Calculate j(-10).
7
Let x(z) = 3*z**2 + 4*z + 5. Give x(-4).
37
Let o(g) = g**2 + 18*g + 69. Determine o(-13).
4
Let l(h) = h**2 + 8*h - 7. Calculate l(-8).
-7
Let o(a) = -a**3 + 30*a**2 - 27*a - 54. Calculate o(29).
4
Let c(h) = 2*h**3 - 3*h**2 - 5*h + 3. What is c(3)?
15
Let s(l) = -l**3 - 25*l**2 + 52*l - 3. Calculate s(-27).
51
Let m(h) = 3*h**2 - 2*h + 5. Give m(3).
26
Let g(b) = 19*b + 4. Determine g(-3).
-53
Let b(r) = 2*r - 2. What is b(-8)?
-18
Let v(l) = -l**2 - 10*l + 10. What is v(-12)?
-14
Let f(c) = 2*c**2 - 10*c + 1. Determine f(4).
-7
Let h(j) = -4*j**2 + 6*j - 25. Give h(-6).
-205
Let y(d) = 3*d - 22. Calculate y(4).
-10
Let s(k) = k - 20. Give s(-6).
-26
Let q(y) = 2*y**2 - 29*y - 5. Determine q(15).
10
Let k(x) = -x**3 - 11*x**2 - 8*x + 10. Give k(-10).
-10
Let q(y) = -5*y**2 + 6*y + 3. Calculate q(-3).
-60
Let u(w) = -2*w - 222. What is u(-111)?
0
Let y(d) = 2*d**2 + 20*d - 18. Give y(-11).
4
Let k(b) = 10*b + 16. Determine k(-3).
-14
Let t(m) = 3*m - 3. What is t(4)?
9
Let p(h) = -4*h**2 + h - 1. Determine p(1).
-4
Let x(f) = -f**2 - 19*f - 28. Determine x(-18).
-10
Let z(k) = k**3 - 2*k**2 + 2*k - 2. Determine z(1).
-1
Let b(h) = -2*h**2. Determine b(3).
-18
Let q(z) = z**3 + 14*z**2 - 16*z - 18. Give q(-15).
-3
Let g(j) = -j**3 + 27*j**2 - 50*j - 3. Give g(25).
-3
Let s(r) = -r**2 - r - 1. What is s(1)?
-3
Let g(p) = -p**2 + 20*p - 23. Determine g(20).
-23
Let s(l) = -l + 136. What is s(0)?
136
Let v(g) = -2*g**2 + 5*g - 14. Give v(6).
-56
Let d(r) = r**3 - 8*r**2 + 18*r - 11. Give d(5).
4
Let s(j) = -23*j - 12. What is s(-2)?
34
Let o(h) = -h**2 + h + 31. Give o(5).
11
Let d(j) = j**3 + 5*j**2 + 2*j - 3. Give d(-5).
-13
Let g(a) = 7*a**2 - 3*a - 2. Give g(3).
52
Let s(z) = 34*z. Determine s(-1).
-34
Let n(a) = a**3 + 72*a**2 + 138*a - 123. Give n(-70).
17
Let d(q) = 9*q + 24. What is d(6)?
78
Let q(v) = 7*v + 6. Give q(-5).
-29
Let v(r) = -9*r**2 - r + 10. What is v(3)?
-74
Let y(f) = 2*f**2 + f - 33. Calculate y(4).
3
Let l(b) = -b**3 + 8*b**2 - 6*b - 8. Determine l(7).
-1
Let w(t) = t**2 - 5*t - 4. Calculate w(7).
10
Let h(z) = -95*z - 88. Calculate h(-1).
7
Let x(q) = q**2 - 22*q + 5. Determine x(22).
5
Let i(c) = 93*c - 5. Give i(-1).
-98
Let w(m) = -22*m. Calculate w(-1).
22
Let i(h) = h**2 + 11*h - 41. Determine i(-14).
1
Let t(a) = -a**2 - 8*a - 27. Calculate t(-5).
-12
Let d(x) = x**2 + 9*x + 37. Give d(-6).
19
Let z(l) = -2*l**2 - 12*l - 3. What is z(-5)?
7
Let l(p) = 9*p**3 - 3*p - 3. What is l(-2)?
-69
Let l(z) = -z**2 + 3*z + 15. Give l(0).
15
Let v(s) = 8*s + 8. Give v(-8).
-56
Let d(f) = -19*f. What is d(0)?
0
Let w(o) = o**2 + 3*o - 6. Calculate w(-5).
4
Let k(q) = 27*q**3 - q**2 - 1. Calculate k(1).
25
Let t(g) = g**2 - 11*g + 32. Give t(11).
32
Let y(x) = 41*x**2 + 3*x - 4. Determine y(1).
40
Let d(r) = 2*r + 10. Determine d(-8).
-6
Let u(o) = -o**3 + 4*o**2 + 12*o - 60. Determine u(4).
-12
Let n(t) = -5*t**2 - 2*t + 8. Give n(3).
-43
Let k(i) = -6*i**2 + 3*i - 2. What is k(-2)?
-32
Let k(n) = -7*n - 1. What is k(-1)?
6
Let b(n) = n**3 - 5*n**2 - 9*n + 11. What is b(6)?
-7
Let c(w) = -9*w**2 + 135*w + 2. Give c(15).
2
Let n(l) = -l**3 - l**2 - 3*l - 1. What is n(-2)?
9
Let g(z) = 3*z**2 + 11*z. Calculate g(-3).
-6
Let h(k) = -k + 3. Determine h(9).
-6
Let q(x) = -x**2 - 12*x - 12. Determine q(-11).
-1
Let m(b) = 2*b**3 - 31*b**2 + 43*b - 33. What is m(14)?
-19
Let s(q) = q**3 + 6*q**2 - 15*q - 10. What is s(-8)?
-18
Let l(a) = 5*a + 3. Calculate l(6).
33
Let n(c) = 8*c - 26. Give n(4).
6
Let a(d) = -2*d - 18. Give a(-8).
-2
Let y(t) = t**2 - 6*t - 4. Give y(5).
-9
Let w(b) = 2*b**2 + 39*b - 52. Give w(-21).
11
Let d(v) = v**3 - 3*v**2 + v - 3. Determine d(5).
52
Let j(z) = -z**2 - 5*z + 24. Give j(-7).
10
Let v(f) = -f - 17. Determine v(-9).
-8
Let q(s) = 2*s**3 + 2*s**2 - 3*s + 1. Calculate q(-3).
-26
Let u(l) = -5*l - 4. Calculate u(-4).
16
Let j(v) = -v**2 - 6*v + 8. Calculate j(-6).
8
Let i(d) = d**3 + 5*d**2 + d - 2. What is i(-3)?
13
Let m(p) = -p**3 - 18*p**2 + 19*p + 20. Calculate m(-19).
20
Let x(l) = l**2 - 14*l + 13. Calculate x(13).
0
Let h(i) = i**2 + 7*i + 6. Give h(-4).
-6
Let f(d) = 3*d + 14. Determine f(-10).
-16
Let n(v) = v**3 + 3*v**2 + 3*v - 7. Calculate n(-5).
-72
Let k(q) = 2*q**2 + 14*q + 13. Give k(-5).
-7
Let i(d) = -13*d - 60. Give i(-5).
5
Let k(d) = d + 24. Calculate k(-3).
21
Let m(i) = i**3 + 2*i**2 - 15*i - 6. What is m(-6)?
-60
Let k(c) = 2*c - 10. Determine k(8).
6
Let q(i) = i + 29. Calculate q(-12).
17
Let p(x) = x**2 + 116*x + 761. What is p(-7)?
-2
Let q(k) = k - 1. Calculate q(-7).
-8
Let x(a) = a**3 - 7*a**2 + 9*a + 3. Determine x(5).
-2
Let j(b) = 2*b**2 - 68*b + 131. What is j(32)?
3
Let k(q) = -q**2 + 49. Give k(-14).
-147
Let k(q) = -q**3 + 3*q**2 + 6. Calculate k(4).
-10
Let d(i) = -3*i + 18. Give d(15).
-27
Let h(r) = 7*r + 135. What is h(-19)?
2
Let u(b) = -15*b - 4. Determine u(0).
-4
Let q(x) = -5*x + 12. Determine q(3).
-3
Let b(y) = 10*y + 5. What is b(5)?
55
Let m(w) = w**3 - 8*w**2 - 21*w + 4. Give m(10).
-6
Let h(y) = y**3 - 7*y**2 + 4*y + 5. Give h(6).
-7
Let u(g) = -3*g**2 + 11*g + 7. Give u(6).
-35
Let r(b) = b**2 + 8*b - 17. What is r(-11)?
16
Let y(k) = -25*k + 154. Determine y(6).
4
Let n(l) = -l**2 - 3*l. Determine n(-5).
-10
Let u(t) = -16*t**3 - t**2 - 3*t - 2. Calculate u(-1).
16
Let n(u) = -u**2 + 16*u - 48. What is n(13)?
-9
Let q(j) = j**3 - 2*j**2 - 2*j - 2. What is q(4)?
22
Let w(x) = -x**2 - 3*x + 2. What is w(-5)?
-8
Let y(n) = n**3 + 19*n**2 - 7*n - 147. Calculate y(-19).
-14
Let q(p) = -p**2 - 13*p + 154. Calculate q(-21).
-14
Let b(l) = l**3 + 23*l**2 + 7. Give b(-23).
7
Let t(l) = -3*l - 6. Determine t(10).
-36
Let b(j) = -3*j**2 + 20*j - 2. Determine b(6).
10
Let k(y) = -24*y + 2276. Calculate k(95).
-4
Let h(p) = -7*p**2 + 3*p - 1. Calculate h(1).
-5
Let k(v) = -v**2 - 32*v + 107. Determine k(-35).
2
Let h(k) = 7*k + 91. Give h(-12).
7
Let b(f) = -f**3 + 4*f**2 - 5*f - 8. Give b(5).
-58
Let y(t) = -2*t - 21. Calculate y(-13).
5
Let s(m) = 10*m + 20. Give s(-5).
-30
Let n(h) = h**2 + 3*h - 74. Give n(7).
-4
Let k(t) = 19*t**3 + t**2 - 11*t + 10. Calculate k(1).
19
Let t(d) = d**3 + d**2 - 16*d + 14. Calculate t(-6).
-70
Let h(s) = -2*s**3 - 2*s**2 - 8*s + 10. Calculate h(1).
-2
Let s(t) = 3*t**2 - 7*t - 4. Give s(6).
62
Let b(t) = 2*t**2 + 10*t + 9. Determine b(-3).
-3
Let u(v) = -14*v**2 + 8*v - 12. Calculate u(4).
-204
Let p(l) = 75*l**3 - 2*l**2 - 2*l - 1. Calculate p(-1).
-76
Let y(c) = c**3 - 14*c**2 - 2*c - 27. Give y(14).
-55
Let h(n) = -131*n**2 - n + 1. What is h(1)?
-131
Let q(f) = f**2 - 6*f - 52. Determine q(11).
3
Let j(u) = -u**3 - u**2 + 7*u + 9. Determine j(-3).
6
Let g(r) = -7*r + 13. Calculate g(10).
-57
Let g(n) = 2*n**2 + 9*n + 3. Calculate g(-4).
-1
Let q(g) = g**3 - 10*g**2 - g + 2. Give q(10).
-8
Let c(h) = 38*h**3 + h**2 + 2*h + 1. Calculate c(-1).
-38
Let j(f) = -2*f + 11. Give j(-9).
29
Let r(w) = w**2 + 10*w + 8. Calculate r(-9).
-1
Let w(v) = -v - 4. Determine w(12).
-16
Let f(r) = r**3 - r**2 + r + 68. Give f(0).
68
Let o(j) = j**2 + j - 45. What is o(7)?
11
Let w(l) = -l + 8. Determine w(11).
-3
Let m(a) = 92*a + 93. Determine m(-1).
1
Let q(k) = -k**3 + 8*k**2 + 12*k + 73. What is q(10)?
-7
Let n(l) = -l**2 + 18*l + 129. Give n(26).
-79
Let r(o) = -o**3 + 12*o**2 - o + 21. Determine r(12).
9
Let s(h) = -67*h**2 + 2*h + 1. Give s(-1).
-68
Let u(h) = h**2 + 2*h - 2. Calculate u(7).
61
Let d(o) = o + 40. What is d(-39)?
1
Let w(c) = 2*c - 33. Calculate w(10).
-13
Let x(f) = f**2 + 10*f + 7. Calculate x(-11).
18
Let y(t) = -t**3 - 16*t**2 + 2*t - 18. Give y(-16).
-50
Let x(q) = q**3 + 11*q**2 + 9*q - 23. Calculate x(-9).
58
Let y(k) = -k**3 - 19*k**2 + 38*k - 78. Calculate y(-21).
6
Let